{"id":91,"date":"2025-02-06T14:21:25","date_gmt":"2025-02-06T13:21:25","guid":{"rendered":"https:\/\/laparolecircule-prenez-la.fr\/?page_id=91"},"modified":"2025-02-06T14:28:54","modified_gmt":"2025-02-06T13:28:54","slug":"qui-sommes-nous","status":"publish","type":"page","link":"https:\/\/laparolecircule-prenez-la.fr\/?page_id=91","title":{"rendered":"QUI SOMMES-NOUS?"},"content":{"rendered":"\n<p id=\"block-e706eb74-f820-4046-adbb-4bdf2d4e84ee\"><\/p>\n\n\n\n<blockquote class=\"wp-block-quote is-layout-flow wp-block-quote-is-layout-flow\">\n<p id=\"block-f3e4bbfb-87b3-4f74-88fa-458de8244519\">Alexandro ATTELLY<\/p>\n\n\n\n<p id=\"block-550ea3bd-9b7e-46ef-acc5-1a3c0f9b8505\">Enseignant retrait\u00e9<\/p>\n\n\n\n<p id=\"block-2ce6bb89-eb0f-4bd7-a075-1a6d26e38fde\">Consultant pour les ESSMS<\/p>\n\n\n\n<p id=\"block-703bc3c4-d399-4d86-987d-c8705a3f2490\"><a href=\"https:\/\/laparolecircule-prenez-la.fr\/?p=38\">En savoir plus&#8230;<\/a><\/p>\n<\/blockquote>\n\n\n\n<p id=\"block-9dc74bff-aa90-42ae-ab6c-3a4d34b40d3e\"><\/p>\n\n\n\n<blockquote class=\"wp-block-quote is-layout-flow wp-block-quote-is-layout-flow\">\n<p id=\"block-ab2af8fa-0d9a-4412-bba3-cef7fcf250cf\">Marc Bengio<\/p>\n\n\n\n<p id=\"block-76719001-dcb7-4414-a2b8-ccfcabff5462\">Retrait\u00e9 du secteur priv\u00e9<\/p>\n\n\n\n<p id=\"block-2cbc98d2-93ff-4fc4-ba14-b0f30bd3e4f5\">Exp\u00e9rience professionnelle \u00e0 l&rsquo;international<\/p>\n\n\n\n<p id=\"block-74a03a39-ec59-441b-b528-32b28bdb8a87\"><a href=\"https:\/\/laparolecircule-prenez-la.fr\/2025\/02\/04\/marc-bengio\/\">E<\/a><a href=\"https:\/\/laparolecircule-prenez-la.fr\/?p=57\">n savoir plus&#8230;<\/a><\/p>\n<\/blockquote>\n\n\n\n<p id=\"block-d0168b79-a60b-4c38-acf9-828f4cb874b7\"><\/p>\n\n\n\n<blockquote class=\"wp-block-quote is-layout-flow wp-block-quote-is-layout-flow\">\n<p id=\"block-6c73229c-1d20-4fe5-9aea-5e48ad97d9b6\">G.L.<\/p>\n\n\n\n<p id=\"block-ebe34a05-63da-40c7-8a3a-d8e6e9d7cc42\">Retrait\u00e9e<\/p>\n\n\n\n<p id=\"block-22f0a85a-c39f-4177-8d52-72319ede31c1\">En savoir plus&#8230;<\/p>\n<\/blockquote>\n","protected":false},"excerpt":{"rendered":"<p>Alexandro ATTELLY Enseignant retrait\u00e9 Consultant pour les ESSMS En savoir plus&#8230; Marc Bengio Retrait\u00e9 du secteur priv\u00e9 Exp\u00e9rience professionnelle \u00e0 l&rsquo;international En savoir plus&#8230; G.L. Retrait\u00e9e En savoir plus&#8230;<\/p>\n","protected":false},"author":1,"featured_media":0,"parent":0,"menu_order":1,"comment_status":"closed","ping_status":"closed","template":"","meta":{"footnotes":""},"class_list":["post-91","page","type-page","status-publish","hentry"],"yoast_head":"<!-- This site is optimized with the Yoast SEO plugin v27.5 - https:\/\/yoast.com\/product\/yoast-seo-wordpress\/ -->\n<title>QUI SOMMES-NOUS? - LA PAROLE CIRCULE<\/title>\n<meta name=\"robots\" content=\"index, follow, max-snippet:-1, max-image-preview:large, max-video-preview:-1\" \/>\n<link rel=\"canonical\" href=\"https:\/\/laparolecircule-prenez-la.fr\/?page_id=91\" \/>\n<meta property=\"og:locale\" content=\"fr_FR\" \/>\n<meta property=\"og:type\" content=\"article\" \/>\n<meta property=\"og:title\" content=\"QUI SOMMES-NOUS? - LA PAROLE CIRCULE\" \/>\n<meta property=\"og:description\" content=\"Alexandro ATTELLY Enseignant retrait\u00e9 Consultant pour les ESSMS En savoir plus&#8230; Marc Bengio Retrait\u00e9 du secteur priv\u00e9 Exp\u00e9rience professionnelle \u00e0 l&rsquo;international En savoir plus&#8230; G.L. Retrait\u00e9e En savoir plus&#8230;\" \/>\n<meta property=\"og:url\" content=\"https:\/\/laparolecircule-prenez-la.fr\/?page_id=91\" \/>\n<meta property=\"og:site_name\" content=\"LA PAROLE CIRCULE\" \/>\n<meta property=\"article:modified_time\" content=\"2025-02-06T13:28:54+00:00\" \/>\n<meta name=\"twitter:card\" content=\"summary_large_image\" \/>\n<script type=\"application\/ld+json\" class=\"yoast-schema-graph\">{\"@context\":\"https:\\\/\\\/schema.org\",\"@graph\":[{\"@type\":\"WebPage\",\"@id\":\"https:\\\/\\\/laparolecircule-prenez-la.fr\\\/?page_id=91\",\"url\":\"https:\\\/\\\/laparolecircule-prenez-la.fr\\\/?page_id=91\",\"name\":\"QUI SOMMES-NOUS? - LA PAROLE CIRCULE\",\"isPartOf\":{\"@id\":\"https:\\\/\\\/laparolecircule-prenez-la.fr\\\/#website\"},\"datePublished\":\"2025-02-06T13:21:25+00:00\",\"dateModified\":\"2025-02-06T13:28:54+00:00\",\"breadcrumb\":{\"@id\":\"https:\\\/\\\/laparolecircule-prenez-la.fr\\\/?page_id=91#breadcrumb\"},\"inLanguage\":\"fr-FR\",\"potentialAction\":[{\"@type\":\"ReadAction\",\"target\":[\"https:\\\/\\\/laparolecircule-prenez-la.fr\\\/?page_id=91\"]}]},{\"@type\":\"BreadcrumbList\",\"@id\":\"https:\\\/\\\/laparolecircule-prenez-la.fr\\\/?page_id=91#breadcrumb\",\"itemListElement\":[{\"@type\":\"ListItem\",\"position\":1,\"name\":\"Home\",\"item\":\"https:\\\/\\\/laparolecircule-prenez-la.fr\\\/\"},{\"@type\":\"ListItem\",\"position\":2,\"name\":\"QUI SOMMES-NOUS?\"}]},{\"@type\":\"WebSite\",\"@id\":\"https:\\\/\\\/laparolecircule-prenez-la.fr\\\/#website\",\"url\":\"https:\\\/\\\/laparolecircule-prenez-la.fr\\\/\",\"name\":\"LA PAROLE CIRCULE\",\"description\":\"PRENEZ-LA!\",\"potentialAction\":[{\"@type\":\"SearchAction\",\"target\":{\"@type\":\"EntryPoint\",\"urlTemplate\":\"https:\\\/\\\/laparolecircule-prenez-la.fr\\\/?s={search_term_string}\"},\"query-input\":{\"@type\":\"PropertyValueSpecification\",\"valueRequired\":true,\"valueName\":\"search_term_string\"}}],\"inLanguage\":\"fr-FR\"}]}<\/script>\n<!-- \/ Yoast SEO plugin. -->","yoast_head_json":{"title":"QUI SOMMES-NOUS? - LA PAROLE CIRCULE","robots":{"index":"index","follow":"follow","max-snippet":"max-snippet:-1","max-image-preview":"max-image-preview:large","max-video-preview":"max-video-preview:-1"},"canonical":"https:\/\/laparolecircule-prenez-la.fr\/?page_id=91","og_locale":"fr_FR","og_type":"article","og_title":"QUI SOMMES-NOUS? - LA PAROLE CIRCULE","og_description":"Alexandro ATTELLY Enseignant retrait\u00e9 Consultant pour les ESSMS En savoir plus&#8230; Marc Bengio Retrait\u00e9 du secteur priv\u00e9 Exp\u00e9rience professionnelle \u00e0 l&rsquo;international En savoir plus&#8230; G.L. Retrait\u00e9e En savoir plus&#8230;","og_url":"https:\/\/laparolecircule-prenez-la.fr\/?page_id=91","og_site_name":"LA PAROLE CIRCULE","article_modified_time":"2025-02-06T13:28:54+00:00","twitter_card":"summary_large_image","schema":{"@context":"https:\/\/schema.org","@graph":[{"@type":"WebPage","@id":"https:\/\/laparolecircule-prenez-la.fr\/?page_id=91","url":"https:\/\/laparolecircule-prenez-la.fr\/?page_id=91","name":"QUI SOMMES-NOUS? - LA PAROLE CIRCULE","isPartOf":{"@id":"https:\/\/laparolecircule-prenez-la.fr\/#website"},"datePublished":"2025-02-06T13:21:25+00:00","dateModified":"2025-02-06T13:28:54+00:00","breadcrumb":{"@id":"https:\/\/laparolecircule-prenez-la.fr\/?page_id=91#breadcrumb"},"inLanguage":"fr-FR","potentialAction":[{"@type":"ReadAction","target":["https:\/\/laparolecircule-prenez-la.fr\/?page_id=91"]}]},{"@type":"BreadcrumbList","@id":"https:\/\/laparolecircule-prenez-la.fr\/?page_id=91#breadcrumb","itemListElement":[{"@type":"ListItem","position":1,"name":"Home","item":"https:\/\/laparolecircule-prenez-la.fr\/"},{"@type":"ListItem","position":2,"name":"QUI SOMMES-NOUS?"}]},{"@type":"WebSite","@id":"https:\/\/laparolecircule-prenez-la.fr\/#website","url":"https:\/\/laparolecircule-prenez-la.fr\/","name":"LA PAROLE CIRCULE","description":"PRENEZ-LA!","potentialAction":[{"@type":"SearchAction","target":{"@type":"EntryPoint","urlTemplate":"https:\/\/laparolecircule-prenez-la.fr\/?s={search_term_string}"},"query-input":{"@type":"PropertyValueSpecification","valueRequired":true,"valueName":"search_term_string"}}],"inLanguage":"fr-FR"}]}},"_links":{"self":[{"href":"https:\/\/laparolecircule-prenez-la.fr\/index.php?rest_route=\/wp\/v2\/pages\/91","targetHints":{"allow":["GET"]}}],"collection":[{"href":"https:\/\/laparolecircule-prenez-la.fr\/index.php?rest_route=\/wp\/v2\/pages"}],"about":[{"href":"https:\/\/laparolecircule-prenez-la.fr\/index.php?rest_route=\/wp\/v2\/types\/page"}],"author":[{"embeddable":true,"href":"https:\/\/laparolecircule-prenez-la.fr\/index.php?rest_route=\/wp\/v2\/users\/1"}],"replies":[{"embeddable":true,"href":"https:\/\/laparolecircule-prenez-la.fr\/index.php?rest_route=%2Fwp%2Fv2%2Fcomments&post=91"}],"version-history":[{"count":2,"href":"https:\/\/laparolecircule-prenez-la.fr\/index.php?rest_route=\/wp\/v2\/pages\/91\/revisions"}],"predecessor-version":[{"id":96,"href":"https:\/\/laparolecircule-prenez-la.fr\/index.php?rest_route=\/wp\/v2\/pages\/91\/revisions\/96"}],"wp:attachment":[{"href":"https:\/\/laparolecircule-prenez-la.fr\/index.php?rest_route=%2Fwp%2Fv2%2Fmedia&parent=91"}],"curies":[{"name":"wp","href":"https:\/\/api.w.org\/{rel}","templated":true}]}}